uppose -41 = -p - 2*q, -221 = -4*p - 3*q - 57. Let m(u) = 2*u + 4. Calculate the remainder when p is divided by m(5).
13
Suppose 0 = 11*c - 6*c - 360. Calculate the remainder when 118 is divided by (2/2)/3*c.
22
Suppose 6*t = 209 + 913. Calculate the remainder when t is divided by 49.
40
Suppose 5*l - 2*w = 186, 9*l - 6*l + 4*w = 122. Calculate the remainder when 642 is divided by l.
34
Suppose -l - 22*f + 18 = -21*f, -l + 4*f + 8 = 0. What is the remainder when 87 is divided by l?
7
Let a be ((-30)/4)/5*2. Suppose -4*n = 1 - 9. What is the remainder when 1/(-2 - a) + 1 is divided by n?
0
Let n be 3*3/(-9) - -35. Let y = -28 + n. Let h(r) = r**3 - 6*r**2 + 7*r. Calculate the remainder when h(y) is divided by 22.
20
Let v(g) = -7*g - 4. Suppose 178*u = 164*u + 168. Calculate the remainder when v(-9) is divided by u.
11
Suppose -l - 180 = -4*l. What is the remainder when l is divided by (429/(-44))/(21/(-12) + 1)?
8
Suppose 3*a + 2*k - 36 = 0, 2*a = -a + 3*k + 36. Let b = 199 - -27. Calculate the remainder when b is divided by a.
10
Let d = -5 + 20. What is the remainder when 51 is divided by d?
6
Suppose 4*z - 164 = -2*d, 298 = 5*z - 2*d + 102. Calculate the remainder when z is divided by 23.
17
Suppose z - 88 = -0*z - 5*s, 3*s + 137 = 2*z. Let h = z + 14. Calculate the remainder when h is divided by 15.
12
Let a = -2429 - -2555. Calculate the remainder when a is divided by 43.
40
Suppose -16*x - 45 + 237 = 0. Calculate the remainder when 83 is divided by x.
11
Let p = 218 - 126. Suppose 0*d = 4*d - p. What is the remainder when 68 is divided by d?
22
Let v(x) = -2*x - 21. Let f be v(-11). Suppose -4*h + f = -47. Suppose -4*d - 238 = -5*q, -2*q - d + 136 = q. What is the remainder when q is divided by h?
10
Suppose 8*o + 11 = 9*o. Let z(j) = j**3 + 9*j**2 + 3*j - 11. Calculate the remainder when z(-8) is divided by o.
7
Suppose -4*y + 16 = -88. Calculate the remainder when 103 is divided by y.
25
Let w(v) = v**2 + 5*v - 8. Let a(n) = n**2 - n + 4. Let j be a(0). Suppose 10 = -2*p, -3*p + 7*p - 312 = -4*o. What is the remainder when o is divided by w(j)?
27
Let l = -52 + 54. Suppose 2*r - r = 4*k - 110, -l*k + 56 = -r. Suppose 0 = v + 3 - 10. Calculate the remainder when k is divided by v.
6
Suppose -h - 3*r = -122, -18*h + 22*h - 5*r = 522. What is the remainder when h is divided by 45?
38
Calculate the remainder when (27180/(-270))/((16/6)/(-4)) is divided by 19.
18
Suppose 0 = 9*l - 2 - 331. Calculate the remainder when l is divided by 16.
5
Let v = -846 - -860. What is the remainder when v is divided by 8?
6
Suppose 3*f - 4*k + k = 18, 2*k - 16 = -5*f. Let p = -45 + 51. What is the remainder when (p - -4)*(f - 2) is divided by 11?
9
Suppose 62 = -h + 6*h + 3*x, 5*x - 60 = -5*h. Let l = -74 + 79. Suppose t = 14*b - 12*b + 43, -170 = -l*t - 5*b. What is the remainder when t is divided by h?
11
What is the remainder when 4/22 + (2296/77 - -14) is divided by 17?
10
Let r(f) = 22*f**3 + 4*f**2 - f - 1. Calculate the remainder when 67 is divided by r(1).
19
What is the remainder when 804/8 - 1/2 is divided by 26?
22
Suppose -3*q = -6*q + 6. Let c = 2 + q. Let r(i) = 19*i - 5. Calculate the remainder when r(c) is divided by 18.
17
Suppose -3*c = -891 + 660. What is the remainder when 1538 is divided by c?
75
Let s = 177 - 157. Calculate the remainder when 217 is divided by s.
17
Let o(r) = 5*r**3 - 5*r**2 + 2*r - 2. Let l be o(4). Suppose 0 = -13*g + 248 + l. Calculate the remainder when g is divided by 15.
8
Let w be -2*905/10 - (-2)/(-2). Let s = 313 + w. Calculate the remainder when s is divided by 22.
21
Suppose -30*q = -25*q - 5. What is the remainder when 11 is divided by 0 + q*(-3 + 7)?
3
Let m = 5 - 2. Let r be 15/10 - m/(-2). What is the remainder when (r + -1 + 64)/2 is divided by 12?
9
Let v = 12 + -8. Suppose -v*o - 28 = -4*s + o, -5*s - 3*o + 35 = 0. Let k(j) = j**3 + 43*j**2 + 4*j + 185. What is the remainder when k(-43) is divided by s?
6
Suppose 3*t = -3*f + 189, 1 = -4*t + 2*f + 229. Calculate the remainder when 116 is divided by t.
57
Let p be 166/4 + (0 + -2)/(-4). Suppose 4*s - 78 - p = 0. Calculate the remainder when s is divided by 8.
6
Suppose 3*a = 4 + 806. Calculate the remainder when a is divided by 17.
15
Let a be -1*(-1 - -3) - -46. Suppose k - 28 = 2*g, -2*k = 2*g - 6 - a. Let f = -1699 + 1801. What is the remainder when f is divided by k?
24
Let f = 8 - 9. Let w(u) = 18*u**2 + 2*u. What is the remainder when w(f) is divided by 6?
4
Let m = 52 - 28. Suppose -m - 48 = -3*c. Suppose 0 = q + 1, -5*p + 6 = -5*q - 44. Calculate the remainder when c is divided by p.
6
Suppose -14*w + 15*w - 9 = 0. What is the remainder when 45 is divided by w?
0
Suppose -3*q = -4*y - 11 + 97, 3*y + 2*q = 56. Let s = y + -5. Suppose 8*u - s = 3*u. What is the remainder when u is divided by 3?
0
Suppose -4*k + 2 = -14. Suppose 5*m - 4 = g + k, -32 = -3*g + m. Calculate the remainder when 47 is divided by g.
11
Suppose 4*z = -55 + 15. Let u = z - -13. Suppose -u*t + 67 = 25. Calculate the remainder when 53 is divided by t.
11
Suppose -8*i + 226 = -30. What is the remainder when 222 is divided by i?
30
Suppose 5*l = -2*w + 72, -3*l - 37*w = -36*w - 43. Calculate the remainder when 49 is divided by l.
7
Suppose 12*h + 4 = 11*h, -744 = -4*l + h. What is the remainder when l is divided by 17?
15
Suppose 36*j + 77 = 293. What is the remainder when j is divided by 5?
1
Suppose 927*d - 318 = 924*d. What is the remainder when 209 is divided by d?
103
Let j(n) = -3*n**3 + 8*n**2 - 8*n + 9. Let w(t) = -3*t**3 + 7*t**2 - 7*t + 8. Let c(p) = 2*j(p) - 3*w(p). What is the remainder when c(3) is divided by 16?
13
Let d(p) = -182*p**2 + 3*p + 4. Let b(z) = -91*z**2 + z + 2. Let q(x) = -5*b(x) + 2*d(x). What is the remainder when q(1) is divided by 31?
28
Let h(o) = o**3 - 13*o**2 + 4*o - 26. Let p be h(13). Let u = p - 24. Calculate the remainder when 10 is divided by u.
0
Suppose -6*g + 4 + 20 = 0. Suppose q - 55 = -4*r, -2*q + 51 = g*r - 7. What is the remainder when 128 is divided by r?
11
Let o(y) = 2*y**2 - 7*y - 18. Let u(z) = -z**3 + 9*z**2 + 6. Let q be u(9). What is the remainder when 45 is divided by o(q)?
9
Let j = -912 + 931. Calculate the remainder when 72 is divided by j.
15
Suppose -39 = -5*x + 31. Calculate the remainder when 29 is divided by (-26)/(-182) + 138/x.
9
Suppose -4*r + 324 = 8*r. What is the remainder when 53 is divided by r?
26
Suppose -z - 165 = -6*z. Let c(f) = f**3 + 9*f**2 - 10*f - 3. Let q be c(-10). Calculate the remainder when z is divided by ((-33)/6 + q)*-2.
16
Let a = 7 - -14. Calculate the remainder when 101 is divided by a.
17
Let y be (-324)/(-30) + 1/5. Let w = -8 + y. What is the remainder when 3 is divided by w?
0
Suppose 3*r = -y + 43, -r = -6*r + y + 69. Let q = 602 - 567. Calculate the remainder when q is divided by r.
7
Let x(o) = -19*o - 4. Let j be x(3). Let n = 97 + j. What is the remainder when n is divided by 16/56 + (-89)/(-7)?
10
Calculate the remainder when 58 is divided by 2/(172/(-60) + 3).
13
Let j(s) be the first derivative of -s**2/2 - 9*s - 1. Suppose 18 = 2*x + 44. Calculate the remainder when 9 is divided by j(x).
1
Let z = -2 + 4. Let x(k) = -k**3 + 4*k**2 + 11*k - 25. Calculate the remainder when x(5) is divided by z.
1
What is the remainder when (-4806)/81*6/(-4) is divided by 13?
11
Let c(b) be the third derivative of b**5/60 - 5*b**4/24 - 2*b**3/3 + b**2. Let g be 2*((-225)/(-63) + 6/14). Calculate the remainder when 59 is divided by c(g).
19
Let q(n) = n**2 + 5*n - 4. Let u(i) = 2*i. Let j be u(-5). Let c be 0 - (-4)/((-8)/j). What is the remainder when q(c) is divided by 12?
10
Let z = 5 - 2. Suppose -173 = -3*f - 5*y, -z*f - 4*y + 163 = -9*y. Let v = f - 38. What is the remainder when 34 is divided by v?
16
What is the remainder when (-13 - (-21 + -9))*(1 + 12) is divided by 6?
5
Let y(c) = -16*c + 7. Calculate the remainder when 46 is divided by y(-2).
7
Let p(k) = k**2 + 4*k**2 + 10 + 3*k - 2. What is the remainder when p(-3) is divided by 16?
12
Let v = -77 - -280. Calculate the remainder when v is divided by 41.
39
What is the remainder when 683 is divided by (-8300)/(-225) - (-16)/(-18)?
35
Let t(m) = -m**3 - 17*m**2 - m - 2. Let n be t(-17). Suppose 8*h = n*h - 336. What is the 